*p - p. What is v(o)?
0
Let y(v) be the third derivative of -1/180*v**6 - 7/120*v**5 - v**2 + 0*v + 0 - 5/24*v**4 - 1/3*v**3. Let m(t) be the first derivative of y(t). What is m(-4)?
-9
Let v be (2 + -3)*(-4)/2. Let r(t) be the first derivative of 5/3*t**3 + t - 1/4*t**4 - 3/2*t**2 + 6. Give r(v).
7
Let v(t) be the first derivative of -t**4/4 - 2*t**3 - 3*t**2/2 - 3*t + 26. Suppose -2 = u + 3. Give v(u).
-13
Let u(x) = 2*x + 14. Let t(b) = -b - 7. Let q(o) = -5*t(o) - 3*u(o). Give q(-3).
-4
Let h(w) = -w**3 - 9*w**2 - w - 11. Let f be h(-9). Let p(y) = -6*y**2 + 3*y**2 + 2*y**2 + 2. Give p(f).
-2
Let a(j) = 1 - 8 - j + 7. Let u be -9 - 1/((-2)/4). Determine a(u).
7
Let b(c) be the third derivative of c**6/120 - c**5/12 - 5*c**4/24 - 5*c**3/6 + 10*c**2 - 3*c. Suppose 0 = -3*v - v + 24. Calculate b(v).
1
Let a(g) = 5*g - 2. Let s be (-15)/(-20)*8/3. Calculate a(s).
8
Let x(i) = i**2 + 4*i + 4 - 6*i - 2*i. Let n be x(3). Let h(j) = j**2 + j - 1. Calculate h(n).
1
Let t be -3 - (-4 - (-3)/3). Let m(p) = -5*p - p + 1 + 4*p**2 + 2*p - p**3 + t*p. Suppose k = 5*k + 3*b - 15, 4*k - 8 = 4*b. Calculate m(k).
-2
Let z(d) be the third derivative of 0*d**4 - 1/120*d**6 + 0*d + 0 - 1/60*d**5 + 1/6*d**3 - 3*d**2. Calculate z(-1).
1
Let w(y) = y**2 + 6*y + 1. Let v be (-2)/5 + 6/15. Suppose 7 + 18 = -5*f - 3*a, v = -4*f - a - 27. Let j be 1/(2/f*1). Calculate w(j).
-7
Let c(x) be the third derivative of 13*x**4/24 + x**3/6 - 3*x**2. Determine c(1).
14
Let o(l) = l - 7. Let m be -1*(-8 + 1) + 1. Suppose 20 = m*z - 4*z. Give o(z).
-2
Let v = -38 - -38. Let a(n) = -n**3 + 10. Determine a(v).
10
Let b(u) = u**2 + 11*u**2 - 2*u**2 - u**2. Give b(1).
9
Let u(z) = -z - 8. Let x be u(-8). Let j(y) = x*y - 3*y - 2*y - y**2. Give j(-5).
0
Suppose -4*u - c - 2 = -12, 3*u = 3*c. Let p(s) = 2*s**2 - s - 2*s + u*s**3 - 2 - 4*s**3 + 5*s. Give p(2).
-6
Let y(t) = -t**3 + 3*t**2 + 3*t + 2. Let x be y(4). Let k(h) = h**3 - h**2 - 3*h - 1. Calculate k(x).
-7
Let y = 5 + -3. Let s(k) = -4*k + 5 + k**2 + 0*k**y - 2. Let l be 32/12*(-6)/(-4). What is s(l)?
3
Let x(r) = 2*r + 7. Let h be ((-42)/9)/((-4)/(-18)). Let u be 111/h + (-8)/(-28). Give x(u).
-3
Let u(q) = -3*q - 3. Let r be (-9)/2*((-120)/(-18) - 6). Calculate u(r).
6
Let m(f) = f**3 - 2*f**2 + 3*f - 3. Let j be 3/(-1) + (-2 - -5). Suppose 4*a + j*a = 8. What is m(a)?
3
Let v(o) = -2*o + 2. Suppose 1 = l + z, 0 = -3*l - 4*z + 2 - 1. Let x = -92 + 89. Let h be x + l + (-6)/(-2). Give v(h).
-4
Suppose -4*a + 2*b = a + 63, -1 = -a - 3*b. Let o = a - -7. Let i = -4 - o. Let r(n) = -n**2 + n - 4. Give r(i).
-4
Let b(l) = 2*l - 5. Let c(w) = 2*w + 1. Let i(d) = -1. Let t(p) = c(p) + 6*i(p). Let y(f) = 5*b(f) - 6*t(f). Give y(4).
-3
Let n be 1 + 0 - (4 + -1). Let t be 2*(1 + 0) + -1. Let m(y) = 6*y**2 - 4*y + y**3 - 4*y**2 - 4 + t. Calculate m(n).
5
Let p(f) be the first derivative of -f**2/2 + 20*f + 13. Give p(0).
20
Let f(d) = -d**2 + 3*d + 1. Let k(n) = n + 2. Let o(q) = 2*q + 5. Let j(v) = 7*k(v) - 3*o(v). Let y be j(8). Let t = -4 + y. What is f(t)?
1
Let s(u) be the first derivative of 7*u**3 + u**2/2 - 61. Give s(-1).
20
Let w(h) = h**3 - 7*h**2 - 7*h - 3. Let q be w(8). Let c = 10 - q. Let l(f) = f**3 - 6*f**2 + 4*f + 2. Determine l(c).
-3
Let b be -2 + (-8)/4 - 0. Let n(k) = -5*k**3 - 2*k**2 - 8. Let p(z) = -9*z**3 - 4*z**2 - 15. Let w(o) = b*p(o) + 7*n(o). Calculate w(-3).
-5
Let t(v) be the third derivative of -v**5/60 + 5*v**4/24 - v**3 + v**2. Calculate t(5).
-6
Let d be (-2)/((-8)/(-30))*4/(-5). Let v(q) = q**3 - 6*q**2 - 3*q + 3. What is v(d)?
-15
Let q(r) = r**3 + 9*r**2 + 9*r + 10. Let w(y) = -y - 11. Let v be w(-3). Calculate q(v).
2
Let q(c) be the first derivative of 0*c - 1/2*c**2 - 7 - c**3. Give q(-2).
-10
Let g be 2 - 4 - (-2 - 1). Let k be -1*(g + -5 + 2). Let p(z) = -2*z + 5*z**k + z**3 + 3*z - 2*z**3. Determine p(5).
5
Let i(f) = f**3 + 4*f**2 - 5*f - 2. Let m be 12/18*(-45)/6. What is i(m)?
-2
Let u(t) = t - 4. Let s be u(0). Let p(a) = -4*a + 0*a + 3*a - 5. What is p(s)?
-1
Let u(x) = x + 1. Let c(q) = -q**2 + 5*q + 4. Let n(d) = -c(d) + 4*u(d). Determine n(-1).
2
Let u(l) = l**2 + 6*l - 1. Suppose 3*b - 37 = -o, -4*o = -0*o - 3*b - 73. Suppose o = a + 4. Suppose -3*y - a = -3*z, 0 = 4*y - 0*y + 4*z + 24. Give u(y).
-1
Let w(a) = -a**2 - 6*a + 5. Let d be 36/(3 - 1 - 1). Suppose -4*j + 12 = d. Determine w(j).
5
Let f(z) be the first derivative of z**3/3 + z**2/2 + 7*z + 2. Let n(i) = -1. Let r(y) = f(y) + 6*n(y). Give r(2).
7
Let c(t) = -3*t**2 - 2*t - 1. Let f(a) = 3*a + 1. Let g be f(-1). Determine c(g).
-9
Let c(r) be the third derivative of -r**9/60480 + r**8/10080 - r**7/1680 - r**5/20 - 2*r**2. Let i(d) be the third derivative of c(d). What is i(2)?
-6
Suppose 5*p = 3 + 2. Let u = p + -1. Let m(q) = q**3 + q - 7. Let l(i) = -i**3. Let o(g) = -2*l(g) - m(g). Give o(u).
7
Let l(s) be the second derivative of -s**5/20 + 7*s**4/12 - s**3 + 2*s**2 - s. Let g(a) = -4*a + 42. Let b be g(9). Determine l(b).
4
Let l(q) = 4*q - 2. Let d be l(1). Let g be (0/(4/2))/(-1). Suppose m - 4 = g, 5*y = 6*y - d*m + 14. Let i(n) = n + 11. Determine i(y).
5
Let c(t) = -3*t**2 - 1 + 4*t**2 - 5*t + 2. Give c(4).
-3
Let u(b) = b - 5*b**2 - 4*b + 2*b + 1. Suppose q - k = -8 - 7, -3*k - 15 = 0. Let c = q + 21. Determine u(c).
-5
Let m(c) = -3*c + c**2 + 0*c - 7*c + 2*c + 5. Determine m(7).
-2
Let h(z) = -z**3 + 2*z**2 + 5*z - 4. Let q be 0/(2/(-2) - -2). Suppose q = 2*w - 4*g + 5 + 1, -12 = -4*g. Calculate h(w).
2
Let o be 3/(-2) - 1/2. Let z = -2 - o. Let r(a) be the first derivative of a**4/4 - a**3/3 + a**2/2 + 6*a - 25. Determine r(z).
6
Let y(x) = -x - 3. Let o be 7/2 + (-14)/(-4) + -4. Give y(o).
-6
Let p(x) = -x**3 + 5*x**2 - 2*x - 2. Let l = -56 - -60. Calculate p(l).
6
Let j(n) = 18*n**2 + n. Let f be (-1 + 4 + -2)*1. Determine j(f).
19
Let l be (-2)/7 + (-99)/21. Let r be 4/10 - (-17)/l. Let y(s) be the third derivative of s**4/24 + 2*s**3/3 + 2*s**2 + 146. Give y(r).
1
Let u be 9/(54/(-12))*6/(-4). Let m(h) = 3*h + 0*h - 2 - 2*h. Determine m(u).
1
Let j(o) = -o**2 + 2*o. Let b(p) = -5*p**3 - 2*p - 2. Let r be b(-1). What is j(r)?
-15
Let y(r) = -5 + 5*r**2 + 2 - 10*r**2 + 2. Calculate y(-2).
-21
Let j(g) = 2*g - 5. Let k be j(2). Let t(s) = 4*s**3 - s**2 + 1. Calculate t(k).
-4
Let w(s) = s**3 - 3*s**2 + s + 1. Suppose 2*c - 1 = l, -2 = -6*l + 2*l + 5*c. Let y be w(l). Let v(i) = -3 - 4 - 2*i + 6 + y. Give v(2).
-1
Let r(v) = v**3 - 3*v**2 - 3*v + 4. Suppose 5*i = 8*i - 15. Suppose 0 = 2*z - 5*c + 9, 4*z + i*c - 21 = 2*c. What is r(z)?
-5
Let m be (4 - 7)/(3/(-4)). Let z(u) = m*u**2 - 1 + 5*u - 4*u + 2. What is z(-1)?
4
Let p(s) = 6*s + 2. Let m = -15 - -13. Let b(n) = 13*n + 5. Let k(z) = m*b(z) + 5*p(z). Give k(-2).
-8
Let u(m) = m**3 + 4*m**2 - 7*m - 5. Suppose 5*o + 15 = -3*l, 4*l + 23 = o + 3. What is u(l)?
5
Let s be 80/6*30/25. Suppose -2*r + r - s = -4*h, -12 = -2*r - 3*h. Let c = 1 - r. Let m(z) = 7*z**3 - 2*z**2 + z. What is m(c)?
6
Let z(s) = s**3 + 17*s - 11*s**2 - 11*s - 2 - 1 + 5*s**2. What is z(5)?
2
Let h = -48 - -52. Let r(g) = -g**2 + 5*g + 1. Determine r(h).
5
Suppose 0 = -y + 6*y + w - 17, -2*w = -y + 10. Let s(z) = -z**3 + 4*z**2 + 5. Give s(y).
5
Let f(r) = 106 - 3*r - 54 - 51. Determine f(-4).
13
Let l(v) = v**2 - 5*v + 8. Let u = -16 - -11. Let n(w) = w**2 - 6*w + 8. Let x(z) = u*l(z) + 4*n(z). Calculate x(0).
-8
Let a(y) = 5 - 35*y**2 + 26*y**2 + 4*y + 8*y**2. Let u = 6 + -1. Give a(u).
0
Suppose 3*l - 2*x = 12, l + 3*x + 4 = -3. Let g be 2 + 14/(-4)*l. Let d(q) = q**2 + 3*q - 6. Calculate d(g).
4
Let o(x) = -x**2 + 7*x - 5. Suppose z - 4*z + 27 = 0. Let i be (-2)/(-6) - (-24)/z. Suppose -i*m + 1 = -14. What is o(m)?
5
Let a(p) = -p**2 + 5*p + 10. Let o be a(6). Let k(w) = w**3 - 4*w**2 - w + 4. Calculate k(o).
0
Suppose 0 = -4*f + 1 + 7. Let y = -5 - -10. Suppose -y*k - 32 = -2*x, -f*k + x - 15 = -2*x. Let m(d) = d**3 + 5*d**2 - 5*d + 1. Give m(k).
-5
Let l(f) = f - 6 + f**2 - 2*f - 5*f. What is l(7)?
1
Let v(a) = 4*a**3 + 3*a**2 + 3*a - 1. Let n(p) = 9*p**3 + 6*p**2 + 7*p - 3. Let g(f) = -2*n(f) + 5*v(f). Give g(-2).
-5
Let x(g) be the first derivative of -1/3*g**3 - 2*g + g**2 + 1. Let k(b) be the first derivative of x(b). Give k(-2).
6
Let p(i) = i**3 + 3*i**2 - 6*i + 2. Let 